of j?
1
Suppose -227620 = 21*f - 2*z - 1711652, -5*f = -z - 353342. What is the units digit of f?
8
Suppose 3*m - 2*p = -0*m + 14, 4*m - 42 = -2*p. What is the units digit of (228/30 - m)*(-1313 - 2)?
6
Let f(o) = 3180*o - 3567. What is the units digit of f(10)?
3
Let j(b) = -1510*b + 5203. What is the tens digit of j(-19)?
9
Let o(d) = -4661*d - 1398. What is the tens digit of o(-4)?
4
What is the ten thousands digit of (-6)/(9/30 - 54249/180630)?
1
Let b be (56/6)/((-2)/(-3)). Suppose 16 = r + b. Let c(a) = 8*a**2 - a - 1. What is the units digit of c(r)?
9
Suppose 301775 = 5*d - 5*a, -2690*d + 5*a = -2687*d - 181063. What is the ten thousands digit of d?
6
Suppose -2*p = -3*b + 20490, -5*p = 3*b - 1800 - 18711. What is the thousands digit of b?
6
Suppose 17 = -3*g - 13. Let n = g - -22. Suppose -6*k + n*k = 1086. What is the tens digit of k?
8
Let z = -1496 - -607. Let g = -511 - z. What is the tens digit of g?
7
Let z(i) = -3*i**3 + 3*i**2 - 8*i + 5. Let t be z(2). Let p(l) = -38*l - 81. What is the hundreds digit of p(t)?
7
Let u(o) = 2*o**2 + 7*o - 2. Let m be u(-4). Let b = 0 + 2. Suppose -q - 2*q - s + b = 0, -m*q - 4*s = 12. What is the units digit of q?
2
Let r(l) = 259*l - 8. Let f be r(1). Let o = f - -281. What is the tens digit of o?
3
Suppose -3*s - 4*y - 69 = 0, -9 + 101 = -4*s - 3*y. Let u = 25 + s. Suppose 0 = m - 2*p - 54, 10 = -4*p - u. What is the units digit of m?
8
Let r = -33 + 128. Let k be (-2)/10 + 43814/r. Suppose 4*a - 1 = 3*a, -3*m + a = -k. What is the hundreds digit of m?
1
Let f(h) = -h**3 - 11*h**2 - 8*h - 4. Suppose 4*i + 20 + 24 = -4*p, -2*i = 2. Let x be f(p). What is the tens digit of 2/(-1) - (-4)/(x/(-1014))?
6
Suppose 0 = -3*k + d - 10, -5*k + d + d = 15. What is the tens digit of (k/3)/((-25)/4110)?
7
Suppose 3*p + 20418 = 3*y, 0 = -2*y - 4*p + 7693 + 5895. Suppose -y - 86 = -6*h. What is the hundreds digit of h?
1
Suppose -3*n - 5712 = 7*r - 2*r, -4567 = 4*r + 5*n. Let c = 1679 + r. What is the tens digit of c?
3
Let o(m) = 3928*m**2 - 26*m - 23. What is the ten thousands digit of o(3)?
3
Suppose 21568 = 10*b + 2*w, 2*b = 4*b - 3*w - 4317. What is the hundreds digit of b?
1
Let j = 16281 - 9762. What is the hundreds digit of j?
5
Let q(u) = -50*u - 104*u - u**2 - 104*u - 66 + 202*u. What is the units digit of q(-47)?
7
Let b be ((-4)/(-6))/(-4*(-5)/(-930)). Suppose 5*m = m + 164. Let i = m + b. What is the tens digit of i?
1
Suppose q - 5*r = -27, -q = -3*r + 6 + 13. What is the units digit of (56/(-32))/q*1132?
3
Suppose 4*t - 643 = 353. Suppose -434 = -5*x + 3*c, 8*c = 3*x + 10*c - t. What is the units digit of x?
5
Let u = 226 + -151. Let h be 140/105*4/((-8)/u). What is the units digit of (-3086)/(-12) + h/12 + 4?
7
Let t(h) = -4*h + 181. Let o(z) = 7*z + 35. Let d be o(-5). Suppose q - 4*s - s + 5 = 0, -4*q - 3*s + 3 = d. What is the tens digit of t(q)?
8
Let k(o) = -155*o**3 + o**2 + 9. Let d be k(-3). Let b = d - 2555. What is the thousands digit of b?
1
Let n = -480 + 1102. Let u = n + -488. What is the hundreds digit of u?
1
Suppose 29*h - 31*h = -4420. Suppose 7*a = h + 3187. What is the units digit of a?
1
Suppose 10*i = 5*i + 20375. What is the hundreds digit of i/35 + (-8)/(-14)?
1
Suppose -20 = -s - 4*v, -6*v - 4 = s - 10*v. Let g(n) = -2*n**3 + 3*n**2 + 2*n - 4. Let i be g(3). What is the tens digit of ((-20)/i)/(s/740)?
7
Let d(v) = -3*v**3 + 30*v**2 + 33*v - 66. Let n(a) = a**3 - 10*a**2 - 11*a + 22. Let f(h) = -6*d(h) - 17*n(h). What is the units digit of f(11)?
2
Let z be (3/1)/((2 - -1)/3). Suppose -3*x + 1923 = z*i, -17*i = -15*i + 4*x - 1274. What is the tens digit of i?
4
Suppose -201*f + 188*f = -13. What is the hundreds digit of ((-2)/(-4))/f*1800?
9
Suppose -44 - 61 = -7*j. Suppose j*p = 18*p - 480. What is the units digit of p?
0
Let g(w) = -2*w**2 - 23*w - 6. Let k be g(-11). Suppose -x - 3*x + 3*l = -735, 920 = k*x - 4*l. What is the hundreds digit of x?
1
Suppose 2*n + 4 = 0, -6*n + 9*n = 3*q - 21777. What is the tens digit of q?
5
Suppose 2*d - 5 = 1. What is the hundreds digit of 3 + (d - 0) + 95*9?
8
Let j = 108 - 103. Suppose 4*d = -j*k + 1860, d + 4*k + 52 - 517 = 0. Suppose v + 117 - d = -2*c, -4*c - v = -696. What is the units digit of c?
4
Suppose -11945 - 23669 = -2*i. What is the thousands digit of i?
7
Let l(r) = r**2 + 20*r - 1029. What is the units digit of l(-52)?
5
Let f(q) = 4*q - 13. Let p be f(7). Let d be (4/(-6))/(14/p + -1). Suppose -15*u = -d*u - 75. What is the tens digit of u?
1
Let h(d) = 441*d - 144. Let i(s) be the second derivative of 17*s**3/3 - 11*s**2/2 - 15*s. Let x(u) = 2*h(u) - 27*i(u). What is the units digit of x(-4)?
3
Suppose -2*z - 2 = -5*r, 2*r + 5*z = -4 - 1. Suppose 5*x + 475 + 50 = r. Let k = 151 + x. What is the units digit of k?
6
Suppose -315 = 3*v + 3*o, v + 202 = -v + 2*o. Let g = 37 - v. What is the tens digit of g/7 + (-1 - 1)?
1
Suppose 0 = 7*l + 176 - 11145. What is the units digit of l?
7
Let x be -5 - 15/12*-4. Let n(k) = -k**2 - 11*k + 748. What is the tens digit of n(x)?
4
Suppose 15000 = 376*s - 361*s. What is the tens digit of s?
0
Let l be 4/(-6) + (-12)/(-27)*87. Suppose -30*q = -31*q - 5*z + l, -131 = -3*q + 2*z. What is the tens digit of q?
4
Let o be 3/15 + 6712/40. Let q = -150 + o. What is the units digit of q?
8
Let o(z) = 8*z**2 - 10*z + 14. Let n(p) = -p**2 + 25*p + 58. Let h be n(27). What is the hundreds digit of o(h)?
1
What is the units digit of (-1911*69/(-644))/((-3)/(-64))?
8
Let w = 568 + -580. What is the units digit of (-1468)/w - 15/(-9)?
4
Suppose 0 = 11*k - 5*k - 36. Suppose -k*h - 197 + 671 = 0. What is the tens digit of h?
7
What is the ten thousands digit of -22 - (-334741)/(-19 - -30)?
3
Suppose 2*b = 6*w - 55338, 5*b - 15583 - 21290 = -4*w. What is the thousands digit of w?
9
Suppose 35*a + 2*n - 5742 = 31*a, 0 = 2*n + 10. What is the hundreds digit of a?
4
Suppose -5*w - 4 = -9. Let r be 1*(0 - w)*74/(-1). Let y = r - 27. What is the units digit of y?
7
Suppose 0 = m - 2*a - 32244, 131*m - a = 133*m - 64463. What is the units digit of m?
4
What is the tens digit of 5 - (2/(-7) - (-1073850)/(-70))?
4
Suppose 5*a - 7*s - 8900 = -2*s, 0 = -4*a + 3*s + 7122. What is the units digit of a?
2
Let a(y) = 48*y**2 - 72*y - 4. What is the thousands digit of a(12)?
6
Let c(h) = 8 + 3*h - 52 + 23. Let y be c(8). Suppose 5*g - 406 = 2*x, -5*g = -y*x + 2*x - 408. What is the tens digit of g?
8
Let q(r) = 4*r**2 + 71*r + 123. Let k be q(-36). Let m = 44 - 10. Suppose 13*n + k = m*n. What is the tens digit of n?
3
Let q = 508 - 504. Suppose t - 149 = -q*h, -596 = -4*t - 0*t + h. What is the hundreds digit of t?
1
What is the hundreds digit of (-99)/(-9)*(-5)/(-30)*(727 + -1)?
3
Let c(z) = -z + 5*z + 2*z**2 + 8*z - z - 31. What is the units digit of c(-12)?
5
Let v be (0*1/(-5))/1. Suppose v = -s + 14*s - 7267. What is the tens digit of s?
5
What is the tens digit of ((-737077)/222 + (-6)/(-2))*-6?
0
Suppose -20*f + 637552 = 6392. What is the thousands digit of f?
1
Let k(n) = -5*n**3 + 21*n**2 - 12*n + 11. Let x(j) = 4*j**3 - 19*j**2 + 11*j - 11. Let d(c) = 2*k(c) + 3*x(c). What is the units digit of d(7)?
3
Suppose 2*a + 2 = -0*a. What is the units digit of (-7028)/(-84) + a/(-3)?
4
Let d(v) = 22731*v + 378. What is the ten thousands digit of d(1)?
2
Suppose -135 = -3*n + 84. Let a = n + -40. Suppose a*c + 520 = 38*c. What is the units digit of c?
4
Suppose -5*p = -4*p - 2. Suppose p*s + 18 = 2*t, 0 = -0*t + 3*t - 4*s - 31. Suppose 5*k = 3*k - 5*m + 96, t*k = -3*m + 202. What is the units digit of k?
8
Let q be (-4 - 75/(-12))*4. Suppose q*x = 17*x - 200. Suppose 5*b = x, 0 = -2*j + b + 2*b + 217. What is the tens digit of j?
1
Suppose -4656 = 29*j - 204643 - 25372. What is the thousands digit of j?
7
Let v(h) = 21631*h**2 + 44*h + 39. What is the hundreds digit of v(-1)?
6
What is the thousands digit of (35357/(-21))/((-10)/30)?
5
Suppose -1710 - 15948 = -2*z. What is the hundreds digit of z?
8
Suppose 9*s = 5*s + 2*i + 6, 5*s - 4*i = 12. Suppose 3*n + 2*t = 470 + 3001, s = n + 5*t - 1144. What is the units digit of n?
9
Let a = 3809 + -2152. Suppose 7*u = -a + 4149. What is the hundreds digit of u?
3
Let f = 446 - -540. What is the tens digit of f?
8
Let w be (2/3)/((-4)/(-6)) + 8. Let t = -1354